{"id":6118,"date":"2017-09-04T17:07:33","date_gmt":"2017-09-04T17:07:33","guid":{"rendered":"https:\/\/profilschleifenc-zx2o4rlb5.live-website.com\/?page_id=6118"},"modified":"2020-05-15T16:48:49","modified_gmt":"2020-05-15T15:48:49","slug":"doppelplanschleifen","status":"publish","type":"page","link":"https:\/\/profilschleifen.ch\/?page_id=6118","title":{"rendered":"Doppelplanschleifen"},"content":{"rendered":"<section class=\"l-section wpb_row us_custom_e11ab399 height_medium\" id=\"allgemein\"><div class=\"l-section-h i-cf\"><div class=\"g-cols vc_row via_flex valign_top type_default stacking_default\"><div class=\"vc_col-sm-12 wpb_column vc_column_container\"><div class=\"vc_column-inner\"><div class=\"wpb_wrapper\">[vc_custom_heading text=&#8220;Flachhonen oder Doppelplanschleifen&#8220; font_container=&#8220;tag:h2|text_align:center&#8220; use_theme_fonts=&#8220;yes&#8220; css=&#8220;%7B%22default%22%3A%7B%22color%22%3A%22%2371c7e3%22%7D%7D&#8220;]<div class=\"g-cols wpb_row via_flex valign_top type_default stacking_default\"><div class=\"vc_col-sm-6 wpb_column vc_column_container\"><div class=\"vc_column-inner\"><div class=\"wpb_wrapper\"><div class=\"wpb_text_column\"><div class=\"wpb_wrapper\"><p style=\"text-align: justify;\">Doppelplanschleifen wird zur Bearbeitung von Bauteilen verwendet, die hohe Anforderungen an Ebenheit und Dickentoleranz stellen.<\/p>\n<p style=\"text-align: justify;\">Die zu bearbeitenden Bauteile werden in aussenverzahnte L\u00e4uferscheiben (Kunststoff, Stahl, etc.) gelegt und von zwei Stiftkr\u00e4nzen \u00fcber die waagrecht angeordneten Schleifscheiben fl\u00e4chig bewegt. Dabei werden die Schleifscheiben und L\u00e4uferscheiben angetrieben. Unterschiedliche Relativbewegungen zwischen den Wirkpartnern werden durch Drehbewegungen der Schleifscheiben und des inneren Stiftkranzes erzeugt. Es entstehen zyklische Bahnkurven.<\/p>\n<\/div><\/div><\/div><\/div><\/div><div class=\"vc_col-sm-6 wpb_column vc_column_container\"><div class=\"vc_column-inner\"><div class=\"wpb_wrapper\"><div class=\"w-slider style_none fit_scaledown nav_none count_5\"><div class=\"w-slider-h\"><div class=\"royalSlider\"><div class=\"rsContent\"><a class=\"rsImg\" data-rsw=\"600\" data-rsh=\"363\" href=\"https:\/\/profilschleifen.ch\/wp-content\/uploads\/2020\/04\/wolters-ac1000-schleifen-doppelplanschleifen-flachhonen_2-600x363.jpg\"><span data-alt=\"\"><\/span><\/a><\/div><div class=\"rsContent\"><a class=\"rsImg\" data-rsw=\"600\" data-rsh=\"339\" href=\"https:\/\/profilschleifen.ch\/wp-content\/uploads\/2017\/03\/Flachhonen-doppelplanschleifen-wild-wetzikon-ag-e1503939540838.jpg\"><span data-alt=\"Flachhonen-doppelplanschleifen-wild-wetzikon-ag\"><\/span><\/a><\/div><div class=\"rsContent\"><a class=\"rsImg\" data-rsw=\"600\" data-rsh=\"400\" href=\"https:\/\/profilschleifen.ch\/wp-content\/uploads\/2020\/05\/IMG_0918_1000px-600x400.jpg\"><span data-alt=\"\"><\/span><\/a><\/div><div class=\"rsContent\"><a class=\"rsImg\" data-rsw=\"600\" data-rsh=\"400\" href=\"https:\/\/profilschleifen.ch\/wp-content\/uploads\/2016\/11\/flachhonen-messing-schleifen-cuzn39pb2-cuzn37-cuzn5-neusilber-titan-e1503939753868.jpg\"><span data-alt=\"Anwendungsbereiche Flachhonen\"><\/span><\/a><\/div><div class=\"rsContent\"><a class=\"rsImg\" data-rsw=\"600\" data-rsh=\"400\" href=\"https:\/\/profilschleifen.ch\/wp-content\/uploads\/2017\/03\/oberfl\u00e4chen-pr\u00fcfger\u00e4t-messung-rauheit-e1503938747134.jpg\"><span data-alt=\"\"><\/span><\/a><\/div><\/div><img decoding=\"async\" src=\"https:\/\/profilschleifen.ch\/wp-content\/uploads\/2020\/04\/wolters-ac1000-schleifen-doppelplanschleifen-flachhonen_2-600x363.jpg\" width=\"600\" height=\"363\" alt loading=\"lazy\"><\/div><div class=\"w-slider-json\" onclick='return {&quot;autoScaleSlider&quot;:true,&quot;addActiveClass&quot;:true,&quot;loop&quot;:true,&quot;fadeInLoadedSlide&quot;:false,&quot;slidesSpacing&quot;:0,&quot;imageScalePadding&quot;:0,&quot;numImagesToPreload&quot;:2,&quot;arrowsNav&quot;:false,&quot;arrowsNavAutoHide&quot;:false,&quot;transitionType&quot;:&quot;move&quot;,&quot;transitionSpeed&quot;:250,&quot;block&quot;:{&quot;moveEffect&quot;:&quot;none&quot;,&quot;speed&quot;:300},&quot;thumbs&quot;:{&quot;fitInViewport&quot;:false,&quot;firstMargin&quot;:false,&quot;spacing&quot;:4},&quot;controlNavigation&quot;:&quot;none&quot;,&quot;autoplay&quot;:{&quot;enabled&quot;:true,&quot;pauseOnHover&quot;:true,&quot;delay&quot;:3000},&quot;autoScaleSliderWidth&quot;:600,&quot;autoScaleSliderHeight&quot;:363}'><\/div><\/div><\/div><\/div><\/div><\/div><div class=\"g-cols wpb_row via_flex valign_top type_default stacking_default\"><div class=\"vc_col-sm-12 wpb_column vc_column_container\"><div class=\"vc_column-inner\"><div class=\"wpb_wrapper\"><div class=\"wpb_text_column\"><div class=\"wpb_wrapper\"><p>Bei gewalzten Blechen, gestanzten oder geschmiedeten Bauteilen, geh\u00e4rteten oder verg\u00fcteten Teilen, aber auch bei gegossenen Bauteilen k\u00f6nnen Spannungen im Material vorhanden sein. Durch das beidseitig gleichzeitige Schleifen beider \u00e4u\u00dferer Planfl\u00e4chen neutralisiert sich der freiwerdende Spannungsverzug und die Bauteile sind nach der Bearbeitung besonders eben.<\/p>\n<p>Diese Bearbeitungsmethode eignet sich f\u00fcr Flachteile ab mittleren Serien, bei denen besondere Anforderungen an die Dickentoleranz und Ebenheit gestellt werden. Einsparungspotenziale ergeben sich gegen\u00fcber dem herk\u00f6mmlichen L\u00e4ppen durch deutlich reduzierte Bearbeitungszeiten und eine wesentlich einfachere Reinigung der Werkst\u00fccke.<\/p>\n<p>Durch die spannungslose Aufnahme der Werkst\u00fccke in den L\u00e4uferscheiben kann fast jedes feste Material bearbeitet werden. Das Anwendungsspektrum ist sehr breit, beispielsweise Lagerringe, Dichtscheiben, Distanzringe, Bleche, Barquettes und Platten werden somit prozesssicher und pr\u00e4zis geschliffen und entsprechen h\u00f6chsten Qualit\u00e4tsstandards.<\/p>\n<\/div><\/div><\/div><\/div><\/div><\/div><div class=\"g-cols wpb_row via_flex valign_top type_default stacking_default\" id=\"material\"><div class=\"vc_col-sm-3 wpb_column vc_column_container\"><div class=\"vc_column-inner\"><div class=\"wpb_wrapper\"><\/div><\/div><\/div><div class=\"vc_col-sm-6 wpb_column vc_column_container\"><div class=\"vc_column-inner\"><div class=\"wpb_wrapper\"><div class=\"w-separator size_custom\" style=\"height:20px\"><\/div>[vc_custom_heading text=&#8220;Werkstoffe&#8220; font_container=&#8220;tag:h3|text_align:center&#8220; use_theme_fonts=&#8220;yes&#8220; css=&#8220;%7B%22default%22%3A%7B%22border-style%22%3A%22solid%22%2C%22border-bottom-width%22%3A%221px%22%7D%7D&#8220;]<div class=\"wpb_text_column\"><div class=\"wpb_wrapper\"><p><span style=\"color: #000000;\">Beim Doppelplanschleifen werden die Werkst\u00fccke w\u00e4hrend der Bearbeitung in Werkst\u00fccktr\u00e4gern formschl\u00fcssig zwischen den Schleifscheiben gef\u00fchrt. Dadurch eignet sich dieser Schleifprozess neben magnetischem Stahl auch besonders f\u00fcr nicht magnetische Metalle:<br \/>\n<\/span><\/p>\n<ul>\n<li>Stahl weich, hart, geh\u00e4rtet, verg\u00fctet<\/li>\n<li>Edelstahl (V2A, V4A, Inox)<\/li>\n<li>Hartmetall<\/li>\n<li>Titan, Neusilber<\/li>\n<li>Buntmetalle (Messing, Kupfer, Alu)<\/li>\n<li>Keramik<\/li>\n<li>weitere Materialien nach Absprache<\/li>\n<\/ul>\n<\/div><\/div><\/div><\/div><\/div><div class=\"vc_col-sm-3 wpb_column vc_column_container\"><div class=\"vc_column-inner\"><div class=\"wpb_wrapper\"><\/div><\/div><\/div><\/div><div class=\"g-cols wpb_row us_custom_af6a9b6a via_flex valign_middle type_default stacking_default\"><div class=\"vc_col-sm-3 wpb_column vc_column_container\"><div class=\"vc_column-inner\"><div class=\"wpb_wrapper\"><\/div><\/div><\/div><div class=\"vc_col-sm-6 wpb_column vc_column_container\"><div class=\"vc_column-inner\"><div class=\"wpb_wrapper\"><div class=\"ult-spacer spacer-69fb2ef4d48c1\" data-id=\"69fb2ef4d48c1\" data-height=\"\" data-height-mobile=\"\" data-height-tab=\"\" data-height-tab-portrait=\"\" data-height-mobile-landscape=\"\" style=\"clear:both;display:block;\"><\/div>[vc_custom_heading text=&#8220;Bearbeitbare Dimensionen&#8220; font_container=&#8220;tag:h3|text_align:center&#8220; use_theme_fonts=&#8220;yes&#8220; css=&#8220;%7B%22default%22%3A%7B%22border-style%22%3A%22solid%22%2C%22border-bottom-width%22%3A%221px%22%7D%7D&#8220;]<div class=\"ult-spacer spacer-69fb2ef4d48d1\" data-id=\"69fb2ef4d48d1\" data-height=\"20\" data-height-mobile=\"20\" data-height-tab=\"20\" data-height-tab-portrait=\"\" data-height-mobile-landscape=\"\" style=\"clear:both;display:block;\"><\/div><\/div><\/div><\/div><div class=\"vc_col-sm-3 wpb_column vc_column_container\"><div class=\"vc_column-inner\"><div class=\"wpb_wrapper\"><\/div><\/div><\/div><\/div><div class=\"g-cols wpb_row via_flex valign_top type_default stacking_default\"><div class=\"vc_col-sm-3 wpb_column vc_column_container\"><div class=\"vc_column-inner\"><div class=\"wpb_wrapper\"><\/div><\/div><\/div><div class=\"vc_col-sm-3 wpb_column vc_column_container\"><div class=\"vc_column-inner\"><div class=\"wpb_wrapper\"><div class=\"w-iconbox iconpos_top style_default color_custom align_center\"><div class=\"w-iconbox-icon\" style=\"font-size:2rem;--icon-color:#5e5b59;\"><i class=\"fas fa-life-ring\"><\/i><\/div><div class=\"w-iconbox-meta\"><h5 class=\"w-iconbox-title\">Werkst\u00fcckdurchmesser<\/h5><div class=\"w-iconbox-text\"><p>bis max. 290mm<\/p>\n<\/div><\/div><\/div><\/div><\/div><\/div><div class=\"vc_col-sm-3 wpb_column vc_column_container\"><div class=\"vc_column-inner\"><div class=\"wpb_wrapper\"><div class=\"w-iconbox iconpos_top style_default color_custom align_center\"><div class=\"w-iconbox-icon\" style=\"font-size:2rem;--icon-color:#5e5b59;\"><i class=\"fas fa-arrows-alt-v\"><\/i><\/div><div class=\"w-iconbox-meta\"><h5 class=\"w-iconbox-title\">Werkst\u00fcckh\u00f6he<\/h5><div class=\"w-iconbox-text\"><p>bis max. 100mm<\/p>\n<\/div><\/div><\/div><\/div><\/div><\/div><div class=\"vc_col-sm-3 wpb_column vc_column_container\"><div class=\"vc_column-inner\"><div class=\"wpb_wrapper\"><\/div><\/div><\/div><\/div><\/div><\/div><\/div><\/div><\/div><\/section><section class=\"l-section wpb_row height_medium\"><div class=\"l-section-h i-cf\"><div class=\"g-cols vc_row via_flex valign_top type_default stacking_default\"><div class=\"vc_col-sm-12 wpb_column vc_column_container\"><div class=\"vc_column-inner\"><div class=\"wpb_wrapper\"><div class=\"ult-spacer spacer-69fb2ef4d547b\" data-id=\"69fb2ef4d547b\" data-height=\"32\" data-height-mobile=\"32\" data-height-tab=\"32\" data-height-tab-portrait=\"\" data-height-mobile-landscape=\"\" style=\"clear:both;display:block;\"><\/div><\/div><\/div><\/div><\/div><\/div><\/section>\n","protected":false},"excerpt":{"rendered":"[vc_custom_heading text=\"Flachhonen oder Doppelplanschleifen\" font_container=\"tag:h2|text_align:center\" use_theme_fonts=\"yes\" css=\"%7B%22default%22%3A%7B%22color%22%3A%22%2371c7e3%22%7D%7D\"]Doppelplanschleifen wird zur Bearbeitung von Bauteilen verwendet, die hohe Anforderungen an Ebenheit und Dickentoleranz stellen. Die zu bearbeitenden Bauteile werden in aussenverzahnte L\u00e4uferscheiben (Kunststoff, Stahl, etc.) gelegt und von zwei Stiftkr\u00e4nzen \u00fcber die waagrecht angeordneten Schleifscheiben fl\u00e4chig bewegt. Dabei werden die Schleifscheiben und L\u00e4uferscheiben angetrieben. Unterschiedliche Relativbewegungen zwischen den...","protected":false},"author":1,"featured_media":0,"parent":0,"menu_order":0,"comment_status":"closed","ping_status":"closed","template":"","meta":{"footnotes":""},"class_list":["post-6118","page","type-page","status-publish","hentry"],"yoast_head":"<!-- This site is optimized with the Yoast SEO plugin v27.5 - https:\/\/yoast.com\/product\/yoast-seo-wordpress\/ -->\n<title>Flachhonen - Doppelplanschleifen auf Peter Wolters Maschinen<\/title>\n<meta name=\"description\" content=\"Wir sind Ihr Partner im Bereich Doppelplanschleifen. Unser hochwertiger Maschinenpark erm\u00f6glicht es, h\u00f6chsten Qualit\u00e4tsanspr\u00fcchen gerecht zu werden.\" \/>\n<meta name=\"robots\" content=\"index, follow, max-snippet:-1, max-image-preview:large, max-video-preview:-1\" \/>\n<link rel=\"canonical\" href=\"https:\/\/profilschleifen.ch\/?page_id=6118\" \/>\n<meta property=\"og:locale\" content=\"de_DE\" \/>\n<meta property=\"og:type\" content=\"article\" \/>\n<meta property=\"og:title\" content=\"Flachhonen - Doppelplanschleifen auf Peter Wolters Maschinen\" \/>\n<meta property=\"og:description\" content=\"Wir sind Ihr Partner im Bereich Doppelplanschleifen. Unser hochwertiger Maschinenpark erm\u00f6glicht es, h\u00f6chsten Qualit\u00e4tsanspr\u00fcchen gerecht zu werden.\" \/>\n<meta property=\"og:url\" content=\"https:\/\/profilschleifen.ch\/?page_id=6118\" \/>\n<meta property=\"og:site_name\" content=\"Wild Wetzikon AG\" \/>\n<meta property=\"article:modified_time\" content=\"2020-05-15T15:48:49+00:00\" \/>\n<meta name=\"twitter:card\" content=\"summary_large_image\" \/>\n<meta name=\"twitter:label1\" content=\"Gesch\u00e4tzte Lesezeit\" \/>\n\t<meta name=\"twitter:data1\" content=\"3\u00a0Minuten\" \/>\n<script type=\"application\/ld+json\" class=\"yoast-schema-graph\">{\"@context\":\"https:\\\/\\\/schema.org\",\"@graph\":[{\"@type\":\"WebPage\",\"@id\":\"https:\\\/\\\/profilschleifen.ch\\\/?page_id=6118\",\"url\":\"https:\\\/\\\/profilschleifen.ch\\\/?page_id=6118\",\"name\":\"Flachhonen - Doppelplanschleifen auf Peter Wolters Maschinen\",\"isPartOf\":{\"@id\":\"https:\\\/\\\/profilschleifen.ch\\\/#website\"},\"datePublished\":\"2017-09-04T17:07:33+00:00\",\"dateModified\":\"2020-05-15T15:48:49+00:00\",\"description\":\"Wir sind Ihr Partner im Bereich Doppelplanschleifen. Unser hochwertiger Maschinenpark erm\u00f6glicht es, h\u00f6chsten Qualit\u00e4tsanspr\u00fcchen gerecht zu werden.\",\"breadcrumb\":{\"@id\":\"https:\\\/\\\/profilschleifen.ch\\\/?page_id=6118#breadcrumb\"},\"inLanguage\":\"de\",\"potentialAction\":[{\"@type\":\"ReadAction\",\"target\":[\"https:\\\/\\\/profilschleifen.ch\\\/?page_id=6118\"]}]},{\"@type\":\"BreadcrumbList\",\"@id\":\"https:\\\/\\\/profilschleifen.ch\\\/?page_id=6118#breadcrumb\",\"itemListElement\":[{\"@type\":\"ListItem\",\"position\":1,\"name\":\"Homepage\",\"item\":\"https:\\\/\\\/profilschleifen.ch\\\/\"},{\"@type\":\"ListItem\",\"position\":2,\"name\":\"Doppelplanschleifen\"}]},{\"@type\":\"WebSite\",\"@id\":\"https:\\\/\\\/profilschleifen.ch\\\/#website\",\"url\":\"https:\\\/\\\/profilschleifen.ch\\\/\",\"name\":\"Wild Wetzikon AG\",\"description\":\"Pr\u00e4zision in Schleifen\",\"potentialAction\":[{\"@type\":\"SearchAction\",\"target\":{\"@type\":\"EntryPoint\",\"urlTemplate\":\"https:\\\/\\\/profilschleifen.ch\\\/?s={search_term_string}\"},\"query-input\":{\"@type\":\"PropertyValueSpecification\",\"valueRequired\":true,\"valueName\":\"search_term_string\"}}],\"inLanguage\":\"de\"}]}<\/script>\n<!-- \/ Yoast SEO plugin. -->","yoast_head_json":{"title":"Flachhonen - Doppelplanschleifen auf Peter Wolters Maschinen","description":"Wir sind Ihr Partner im Bereich Doppelplanschleifen. Unser hochwertiger Maschinenpark erm\u00f6glicht es, h\u00f6chsten Qualit\u00e4tsanspr\u00fcchen gerecht zu werden.","robots":{"index":"index","follow":"follow","max-snippet":"max-snippet:-1","max-image-preview":"max-image-preview:large","max-video-preview":"max-video-preview:-1"},"canonical":"https:\/\/profilschleifen.ch\/?page_id=6118","og_locale":"de_DE","og_type":"article","og_title":"Flachhonen - Doppelplanschleifen auf Peter Wolters Maschinen","og_description":"Wir sind Ihr Partner im Bereich Doppelplanschleifen. Unser hochwertiger Maschinenpark erm\u00f6glicht es, h\u00f6chsten Qualit\u00e4tsanspr\u00fcchen gerecht zu werden.","og_url":"https:\/\/profilschleifen.ch\/?page_id=6118","og_site_name":"Wild Wetzikon AG","article_modified_time":"2020-05-15T15:48:49+00:00","twitter_card":"summary_large_image","twitter_misc":{"Gesch\u00e4tzte Lesezeit":"3\u00a0Minuten"},"schema":{"@context":"https:\/\/schema.org","@graph":[{"@type":"WebPage","@id":"https:\/\/profilschleifen.ch\/?page_id=6118","url":"https:\/\/profilschleifen.ch\/?page_id=6118","name":"Flachhonen - Doppelplanschleifen auf Peter Wolters Maschinen","isPartOf":{"@id":"https:\/\/profilschleifen.ch\/#website"},"datePublished":"2017-09-04T17:07:33+00:00","dateModified":"2020-05-15T15:48:49+00:00","description":"Wir sind Ihr Partner im Bereich Doppelplanschleifen. Unser hochwertiger Maschinenpark erm\u00f6glicht es, h\u00f6chsten Qualit\u00e4tsanspr\u00fcchen gerecht zu werden.","breadcrumb":{"@id":"https:\/\/profilschleifen.ch\/?page_id=6118#breadcrumb"},"inLanguage":"de","potentialAction":[{"@type":"ReadAction","target":["https:\/\/profilschleifen.ch\/?page_id=6118"]}]},{"@type":"BreadcrumbList","@id":"https:\/\/profilschleifen.ch\/?page_id=6118#breadcrumb","itemListElement":[{"@type":"ListItem","position":1,"name":"Homepage","item":"https:\/\/profilschleifen.ch\/"},{"@type":"ListItem","position":2,"name":"Doppelplanschleifen"}]},{"@type":"WebSite","@id":"https:\/\/profilschleifen.ch\/#website","url":"https:\/\/profilschleifen.ch\/","name":"Wild Wetzikon AG","description":"Pr\u00e4zision in Schleifen","potentialAction":[{"@type":"SearchAction","target":{"@type":"EntryPoint","urlTemplate":"https:\/\/profilschleifen.ch\/?s={search_term_string}"},"query-input":{"@type":"PropertyValueSpecification","valueRequired":true,"valueName":"search_term_string"}}],"inLanguage":"de"}]}},"_links":{"self":[{"href":"https:\/\/profilschleifen.ch\/index.php?rest_route=\/wp\/v2\/pages\/6118","targetHints":{"allow":["GET"]}}],"collection":[{"href":"https:\/\/profilschleifen.ch\/index.php?rest_route=\/wp\/v2\/pages"}],"about":[{"href":"https:\/\/profilschleifen.ch\/index.php?rest_route=\/wp\/v2\/types\/page"}],"author":[{"embeddable":true,"href":"https:\/\/profilschleifen.ch\/index.php?rest_route=\/wp\/v2\/users\/1"}],"replies":[{"embeddable":true,"href":"https:\/\/profilschleifen.ch\/index.php?rest_route=%2Fwp%2Fv2%2Fcomments&post=6118"}],"version-history":[{"count":224,"href":"https:\/\/profilschleifen.ch\/index.php?rest_route=\/wp\/v2\/pages\/6118\/revisions"}],"predecessor-version":[{"id":7306,"href":"https:\/\/profilschleifen.ch\/index.php?rest_route=\/wp\/v2\/pages\/6118\/revisions\/7306"}],"wp:attachment":[{"href":"https:\/\/profilschleifen.ch\/index.php?rest_route=%2Fwp%2Fv2%2Fmedia&parent=6118"}],"curies":[{"name":"wp","href":"https:\/\/api.w.org\/{rel}","templated":true}]}}